 -3*m, -r*m + 85 = 5*z. What is the tens digit of z?
1
Let p(r) = -3*r - 13. Let k be p(-5). Suppose -o = -k*o + 35. What is the units digit of o?
5
Let n(c) = 140*c**2 - 26*c - 114. What is the hundreds digit of n(-6)?
0
Suppose 2*c - 665 = -27. What is the units digit of c?
9
Suppose 5*w - 54 + 274 = 0. Let n = 22 - w. What is the units digit of n?
6
Let b = -2859 - -5464. What is the thousands digit of b?
2
Let k(c) = 17*c**2 + 1. Let f(h) = -h + 1. Let p(m) = -5*m + 3. Let a(j) = 4*f(j) - p(j). Let d be a(0). What is the units digit of k(d)?
8
Let q(m) = 2*m**3 + 7*m**2 + 14*m + 11. Let c(z) = 3*z**3 + 13*z**2 + 28*z + 22. Let b(r) = -3*c(r) + 5*q(r). What is the tens digit of b(8)?
3
Let n(o) = 24*o - 58. Let f be n(7). Suppose -327 = -m - f. What is the tens digit of m?
1
Let i(v) = -2*v**2 + 2*v + 3. Let l(z) = z**3 - 8*z**2 + 7*z + 13. Let m(n) = 9*i(n) - 2*l(n). What is the units digit of m(-3)?
5
Suppose -m - r + 2 = -0*m, 5*r + 4 = 2*m. What is the hundreds digit of 4088/35 + m/10?
1
Let l = 3178 + -606. What is the hundreds digit of l?
5
Let k(u) = 3*u**3 - 3*u**2 - 3*u - 9. Let z be k(-4). Let w = z - -479. What is the units digit of w?
2
Let x = 1240 + -589. What is the hundreds digit of x?
6
Suppose 0 = -0*h - 3*h + 60. Let l(u) = u**3 + 2*u**2 - 23*u + 1. Let d be l(4). Suppose d*n = h + 30. What is the tens digit of n?
1
Let i = 267 + -37. Suppose 0 = -s - 28 + i. What is the hundreds digit of s?
2
Let h(v) = -v**3 + 2*v**2 + v - 2. Let x be h(2). Let l = x + 24. Let m = -15 + l. What is the units digit of m?
9
Let d(m) = -m**2 - 11*m + 12. Let s(b) = -6*b. Let o be s(2). Let h be d(o). Suppose h = -8*x + 2*x + 222. What is the tens digit of x?
3
Suppose -h = 3*h - 16. Suppose -k = -h*k + 9. Suppose 0*u + 2*u + k*r = 21, -r - 26 = -3*u. What is the units digit of u?
9
Suppose -i + 2 = -2*l, 5*i = -3*l + 6*l + 24. Let p be i/(-15) + 2/5. Suppose p = 4*n - 0*n - 92. What is the units digit of n?
3
Suppose -2*q - 5*q + 35 = 0. Suppose -3*t - 3*z + 203 - 5 = 0, 0 = -t - q*z + 82. What is the units digit of t?
2
Let r = -27 - -29. Suppose r*i - 58 = 2*l + 30, 0 = -2*i + 5*l + 91. What is the tens digit of i?
4
Let l = 10 + -13. Let a be (l/2)/((-15)/20). Suppose 5*m = a*x - 24, -x + m + 13 = -2*m. What is the units digit of x?
7
Let d(p) = -p**2 - 22*p - 38. Let w be d(-20). What is the hundreds digit of -27 - -27 - (-136 + 2/w)?
1
Suppose -5*z = -2*v - 9*z + 6486, 3231 = v - z. What is the tens digit of v?
3
Suppose -754 = -4*h - 254. Suppose 0 = -3*y - h + 209. What is the tens digit of y?
2
Let p(s) = 7*s**2 - 12*s - 3. Let w(y) = -3*y**2 + 6*y + 2. Let d(m) = 2*p(m) + 5*w(m). Let u be d(6). What is the units digit of 219/4 - (-1)/u?
5
Suppose 3*a + 9652 = 5*a. What is the thousands digit of a?
4
Let h(o) = -67*o + 7. Let b be h(-8). Let f = -217 + b. What is the tens digit of 20/50 - f/(-10)?
3
What is the units digit of ((-11718)/(-4))/7 - (-4)/(-8)?
8
Suppose -q - 2*b + 7 = 0, -q + 2*b = -9 - 6. Let k(d) = 5*d - 4. Let n be k(4). Suppose -n*o = -q*o - 275. What is the units digit of o?
5
Suppose 15 = 5*o + 5. Let j be -2*((-3)/o)/3. What is the tens digit of 12/(4/(-8) + j)?
2
Suppose 0 = 5*n - 1 - 9. What is the units digit of (-30 + 29)/(n/(-98))?
9
Suppose 3*t - 52 = -4*o + 2*o, -2*o + 20 = t. Suppose 3*s = 4*v - 26, -5*v + 27 = -4*s + 3*s. What is the tens digit of (104/t)/(s/(-4))?
1
Let z(w) = 6*w - 13. Let q = 39 - 31. What is the tens digit of z(q)?
3
Suppose -4*c - 64*c + 43860 = 0. What is the units digit of c?
5
Suppose 0*z + 2*z = 0. Let r be 19*3/(z + 3). Let d = r - 12. What is the units digit of d?
7
Suppose -2*b - 284 = -1276. What is the units digit of b?
6
Let z be (-7816)/(-12) + 9 + (-4)/(-6). Suppose -7*k = 2*y - 6*k - z, 3*k + 1327 = 4*y. What is the units digit of y?
1
Suppose -305 + 2969 = 6*a. Suppose b + n = 80 + 31, -4*b + a = -5*n. What is the hundreds digit of b?
1
Let c(i) = -17*i + 22. What is the units digit of c(-25)?
7
Suppose 3*b = 3*j + 3933, -33*b + 29*b = 5*j - 5217. What is the tens digit of b?
0
Let u(g) = -82*g - 19. What is the hundreds digit of u(-5)?
3
What is the tens digit of 5124/35 + 3 - 8/20?
4
Let v(f) = 14*f**2 + 15*f + 7. Let p(l) = -5*l**2 - 5*l - 2. Let b(d) = 11*p(d) + 4*v(d). Let g be (11 - 21)*(-6)/(-15). What is the units digit of b(g)?
2
Let q = 63 - 70. What is the hundreds digit of (q - -2 - 9)*(-31)/2?
2
Let n be 64/12*(21/6 + -2). Suppose -p = 4*a - n, 0 = -2*a + 4*p + 3 - 17. What is the units digit of a?
1
Let b = -4045 + 5988. What is the tens digit of b?
4
Let f(c) = -89*c + 81. What is the thousands digit of f(-12)?
1
Let u(v) = v**3 + v**2 + v + 3. Let j be u(0). Suppose b = -2*s + 5*b + 120, 2*b = -j*s + 204. What is the tens digit of s?
6
Let t(r) = 7*r**2 + 7*r - 21. What is the hundreds digit of t(7)?
3
Suppose 5*i - 5*x + 3*x = 14557, -4*x + 2929 = i. What is the thousands digit of i?
2
Suppose -130 = -2*q + 92. What is the units digit of q?
1
Suppose 5 = -2*z + 19. Suppose 0 = -a - 5*m + z + 16, 0 = 2*m - 2. What is the tens digit of a?
1
Suppose -2*v = -3 - 3. Suppose -25 - 143 = -v*z. What is the units digit of z?
6
Suppose m - 874 = 2*q - 7*q, 2*m - 1790 = 4*q. What is the hundreds digit of m?
8
Suppose 9 = 3*r, 5*w - 2*w - 5*r - 684 = 0. What is the hundreds digit of w?
2
Let z = 14 + -18. Let s = 19 - z. What is the units digit of s?
3
Let a = 10 + -3. Suppose -b = -1 - 2, 5*o = b + a. Let c = -1 + o. What is the units digit of c?
1
Let f = -6 + 16. Let h be 6/f - 72/(-30). Suppose 0 = h*i + 2*y + 2*y - 96, 3*i - 87 = -y. What is the tens digit of i?
2
Suppose -3*m = 4*j - 2225, -j + 4856 = 5*m + 1159. What is the tens digit of m?
3
Suppose 4415 + 2641 = 3*z. What is the units digit of z?
2
Suppose 118 = -2*o + 3*o. Suppose -o + 478 = 4*v. What is the tens digit of v?
9
Let s(w) = 2*w**2 - 9*w + 2. Let n(u) = u - 1. Let h(g) = -4*n(g) + s(g). Let i be h(12). Suppose 5*t - i = 3*t. What is the units digit of t?
9
Suppose -4*i + 2*n = -12, 0 = -2*i - 3*n - n + 16. What is the tens digit of (150/i)/5*10?
7
Let p(n) = 2*n**3 - 12*n**2 + n - 2. Let a be p(6). Suppose -3*v - a*g = -7*g - 78, 3*v + 5*g - 94 = 0. What is the tens digit of v?
2
Let j = 42 - 42. What is the units digit of (j - 3 - 215)*(0 + -1)?
8
Suppose -2*t = 4*o + 32, 4*t + 10 = -2*o + 6*t. Let b(v) = -v - 4. Let m be b(o). Suppose 0 = 2*y - 3*r - m + 10, -4*y - r = -7. What is the units digit of y?
1
Let u = 17 + -3. Suppose -2*s - 5*h - u = 0, -4*s - 1 = -3*s + h. Suppose 4*j - s*f = 17, 4*j + 4*f + 7 = -f. What is the units digit of j?
2
Suppose -5*p - 3*r + 646 = 0, -r = -18 + 21. What is the hundreds digit of p?
1
Let z = 727 - -233. Suppose z = -0*t + 10*t. What is the units digit of t?
6
Suppose 28 = -n + 2*o, -2*n - o = -5*n - 64. Let j be 1/1 + n/(-10). Let s(m) = 11*m + 5. What is the tens digit of s(j)?
3
Let g = 12 + -4. Let r = -222 + 248. Suppose -d + g = -r. What is the tens digit of d?
3
Suppose -p = 3*r - 605, 0 = -2*r + 3*p + p + 394. Suppose 0*a - r = -3*n + 3*a, -4*a + 290 = 5*n. What is the tens digit of n?
6
Let h be (1 + 1 + 10)*(-18)/24. What is the hundreds digit of (-4)/(-18) - 1402/h?
1
Let z(w) be the second derivative of w**5/20 - 5*w**4/12 + 5*w**3/6 - 6*w. Let v be z(4). Suppose -p - p + 114 = 4*k, -20 = -v*p. What is the tens digit of k?
2
Let m = 27 + -85. Let w = 153 + m. What is the units digit of w?
5
Let s = 13 - 5. Let d = s + -6. Suppose d*h = h + 21. What is the units digit of h?
1
Let v = -258 + 375. Let o = v - 51. What is the tens digit of o?
6
Let f be -2 - (0 - (3 - -86)). Suppose f = 5*o - 3*d, -5*d + 77 = 4*o - 0*d. What is the units digit of o?
8
Let p(h) = h**3 + 14*h**2 - h - 7. Let a be p(-14). Let t(u) = -u**2 + 8*u - 4. Let f be t(a). Suppose w = -f*w + 112. What is the units digit of w?
8
Let r = 987 + 1280. What is the units digit of r?
7
Let g be -2 - (2 + (-4 - -2)). Let w(x) = -7*x**3 + 2*x**2 + 5*x + 2. What is the tens digit of w(g)?
5
Let i = -27 + 25. Let s be ((-5)/i)/(3/6). Suppose 3*u + 227 = 5*b, b - s = 2*u + 46. What is the units digit of b?
3
Suppose -5*t - 5*d = -120, 3*d = -t - 0*t + 22. Suppose t = -4*o - 3*x, x = -5*o - 22 - 1. What is the units digit of o/2 - 176/(-8)?
0
Let n be ((-30)/(-2 - 1))/((-6)/(-3)).